est common factor of 2806 and 366.
122
What is the greatest common factor of 42 and 30?
6
What is the highest common divisor of 55 and 4532?
11
Calculate the highest common factor of 58 and 232.
58
What is the highest common divisor of 21761 and 47?
47
Calculate the highest common factor of 335 and 50.
5
What is the highest common divisor of 16 and 203?
1
Calculate the greatest common divisor of 77 and 175.
7
What is the highest common factor of 2604 and 496?
124
Calculate the highest common divisor of 405 and 855.
45
What is the greatest common factor of 20 and 55?
5
What is the highest common factor of 35 and 14?
7
What is the greatest common factor of 16 and 376?
8
Calculate the highest common divisor of 5925 and 375.
75
What is the greatest common divisor of 1386 and 147?
21
Calculate the greatest common divisor of 30481 and 187.
187
Calculate the highest common divisor of 3097 and 38.
19
Calculate the highest common factor of 20 and 5.
5
Calculate the greatest common divisor of 12754 and 14.
14
Calculate the highest common factor of 143 and 264.
11
What is the greatest common factor of 1067 and 970?
97
What is the greatest common divisor of 8 and 32?
8
Calculate the greatest common factor of 184 and 336.
8
Calculate the highest common factor of 1630 and 10.
10
What is the greatest common factor of 1431 and 27?
27
Calculate the greatest common factor of 175 and 25.
25
What is the highest common factor of 81 and 13527?
81
Calculate the greatest common divisor of 343 and 49.
49
What is the highest common factor of 14 and 448?
14
What is the highest common factor of 5 and 2150?
5
What is the highest common factor of 2136 and 24?
24
What is the highest common factor of 616 and 88?
88
What is the highest common divisor of 138 and 1173?
69
Calculate the greatest common factor of 34713 and 126.
63
Calculate the highest common factor of 5947 and 38.
19
Calculate the greatest common factor of 385 and 165.
55
Calculate the greatest common factor of 132 and 372.
12
Calculate the greatest common factor of 210 and 84.
42
What is the greatest common divisor of 8 and 568?
8
What is the greatest common factor of 1269 and 47?
47
Calculate the highest common factor of 92 and 292.
4
What is the highest common factor of 559 and 129?
43
Calculate the highest common factor of 40 and 120.
40
Calculate the greatest common factor of 1050 and 280.
70
What is the highest common divisor of 126 and 90?
18
Calculate the greatest common divisor of 98 and 2.
2
What is the greatest common factor of 14579 and 61?
61
Calculate the highest common divisor of 61 and 183.
61
What is the greatest common divisor of 750 and 1250?
250
What is the highest common divisor of 52 and 702?
26
Calculate the greatest common divisor of 6330 and 30.
30
What is the greatest common factor of 32 and 432?
16
Calculate the greatest common divisor of 1242 and 92.
46
What is the highest common divisor of 402 and 6?
6
Calculate the highest common divisor of 88 and 253.
11
What is the greatest common factor of 186 and 18?
6
What is the highest common factor of 945 and 35?
35
Calculate the highest common factor of 354 and 312.
6
What is the greatest common divisor of 441 and 423?
9
What is the greatest common factor of 162 and 45?
9
Calculate the highest common factor of 33 and 42.
3
What is the highest common factor of 126 and 702?
18
Calculate the greatest common factor of 250 and 610.
10
Calculate the greatest common factor of 120 and 195.
15
What is the highest common divisor of 21 and 357?
21
What is the highest common divisor of 2355 and 15?
15
Calculate the highest common factor of 151696 and 499.
499
What is the highest common factor of 34 and 8?
2
What is the highest common factor of 90 and 330?
30
Calculate the highest common factor of 91 and 13.
13
What is the greatest common divisor of 949 and 13?
13
Calculate the highest common factor of 255 and 9639.
51
Calculate the greatest common divisor of 170 and 7730.
10
What is the highest common factor of 560 and 29400?
280
What is the highest common divisor of 1886 and 414?
46
What is the greatest common divisor of 38 and 67?
1
Calculate the highest common factor of 147 and 735.
147
Calculate the greatest common divisor of 141 and 9.
3
What is the highest common factor of 16 and 464?
16
Calculate the highest common factor of 108 and 162.
54
Calculate the highest common factor of 20414 and 118.
118
What is the greatest common divisor of 308 and 2849?
77
Calculate the greatest common factor of 323 and 57.
19
Calculate the greatest common factor of 8072 and 8.
8
Calculate the greatest common divisor of 28 and 224.
28
Calculate the greatest common factor of 2 and 8098.
2
Calculate the greatest common divisor of 53 and 53.
53
What is the highest common divisor of 4242 and 1010?
202
What is the highest common divisor of 576 and 10752?
192
Calculate the highest common divisor of 42 and 210.
42
Calculate the highest common factor of 129 and 344.
43
Calculate the highest common factor of 20930 and 728.
182
What is the greatest common factor of 94 and 4794?
94
Calculate the greatest common divisor of 32 and 352.
32
What is the highest common divisor of 30 and 3732?
6
Calculate the highest common factor of 2808 and 208.
104
Calculate the greatest common factor of 106 and 265.
53
What is the highest common factor of 1419 and 215?
43
Calculate the greatest common divisor of 8 and 2216.
8
What is the highest common divisor of 2496 and 256?
64
Calculate the highest common factor of 36 and 4086.
18
Calculate the greatest common divisor of 71 and 13703.
71
Calculate the greatest common divisor of 25 and 1775.
25
What is the highest common factor of 140 and 3500?
140
Calculate the greatest common divisor of 25 and 7855.
5
What is the highest common factor of 21253 and 106?
53
What is the greatest common factor of 1036 and 896?
28
What is the greatest common factor of 54 and 486?
54
What is the highest common factor of 18 and 18?
18
Calculate the greatest common factor of 170 and 765.
85
What is the highest common factor of 194 and 16102?
194
Calculate the highest common factor of 475 and 171.
19
Calculate the greatest common divisor of 12 and 7116.
12
Calculate the highest common factor of 26 and 689.
13
Calculate the highest common factor of 25 and 9175.
25
Calculate the greatest common factor of 20 and 35.
5
Calculate the highest common divisor of 612 and 18.
18
What is the greatest common divisor of 33 and 27?
3
What is the highest common factor of 1958 and 66?
22
What is the greatest common divisor of 21 and 21?
21
What is the highest common divisor of 188 and 47?
47
Calculate the highest common factor of 210 and 3066.
42
Calculate the highest common factor of 8476 and 156.
52
Calculate the greatest common divisor of 5893 and 249.
83
Calculate the highest common factor of 65 and 5.
5
What is the greatest common divisor of 594 and 44?
22
What is the greatest common divisor of 10 and 310?
10
What is the highest common factor of 608 and 1856?
32
What is the highest common factor of 47 and 2491?
47
Calculate the greatest common divisor of 5 and 245.
5
What is the greatest common divisor of 10933 and 26?
13
What is the highest common factor of 25 and 3125?
25
What is the greatest common divisor of 289 and 34?
17
Calculate the highest common divisor of 26 and 19734.
26
Calculate the greatest common factor of 14 and 511.
7
Calculate the greatest common divisor of 34716 and 264.
132
What is the greatest common factor of 28 and 259?
7
Calculate the highest common factor of 30 and 6010.
10
What is the highest common factor of 600 and 135?
15
Calculate the highest common divisor of 164 and 23042.
82
Calculate the highest common divisor of 154 and 616.
154
Calculate the greatest common factor of 39 and 1235.
13
Calculate the highest common factor of 92 and 253.
23
Calculate the greatest common factor of 135 and 1917.
27
Calculate the greatest common divisor of 88 and 132.
44
What is the highest common factor of 2560 and 16320?
320
What is the greatest common factor of 70 and 224?
14
Calculate the greatest common divisor of 1050 and 84.
42
What is the greatest common divisor of 335 and 536?
67
Calculate the greatest common factor of 140 and 80.
20
What is the greates